{"id":297,"date":"2021-02-24T10:08:16","date_gmt":"2021-02-24T10:08:16","guid":{"rendered":"http:\/\/www.xn--vll-ula1g.se\/?page_id=297"},"modified":"2022-06-28T20:21:53","modified_gmt":"2022-06-28T20:21:53","slug":"nyheter-fran-valo-ii","status":"publish","type":"page","link":"https:\/\/www.xn--vll-ula1g.se\/?page_id=297","title":{"rendered":"Nyheter"},"content":{"rendered":"<p><strong>Kallelse till ordinarie \u00c5rsm\u00f6te<\/strong><\/p>\n<p><strong>i V\u00e5ll\u00f6 B\u00e5tf\u00f6rening ek.f\u00f6r.<\/strong><\/p>\n<p><strong>\u00c5rsm\u00f6te l\u00f6rdag den 19 maj 2022 kl. 19:00 Paviljongen, V\u00e5ll\u00f6 <\/strong>&nbsp;&nbsp;&nbsp;&nbsp;&nbsp;&nbsp;&nbsp;&nbsp;&nbsp;&nbsp;<\/p>\n<p>F\u00f6rslag till dagordning:<\/p>\n<ol>\n<li>M\u00f6tets \u00f6ppnande<\/li>\n<li>Val av m\u00f6tesordf\u00f6rande<\/li>\n<li>Val av m\u00f6tessekreterare<\/li>\n<li>Val av en (1) justerare att j\u00e4mte ordf\u00f6rande justera m\u00f6tets protokoll<\/li>\n<li>Fr\u00e5ga om \u00e5rsm\u00f6tet utlysts i stadgeenlig ordning<\/li>\n<li>Fastst\u00e4llande av dagordningen<\/li>\n<li>Styrelsens ber\u00e4ttelse<\/li>\n<li>Revisorernas ber\u00e4ttelse<\/li>\n<li>Beslut om fastst\u00e4llande av resultat-och balansr\u00e4kning<\/li>\n<li>Beslut om ansvarsfrihet f\u00f6r styrelsen<\/li>\n<li>Val av f\u00f6reningsordf\u00f6rande<\/li>\n<li>Val av \u00f6vriga styrelseledam\u00f6ter j\u00e4mte tv\u00e5 suppleanter<\/li>\n<li>Val av revisorer och suppleanter<\/li>\n<li>Beslut om medlemsavgift<\/li>\n<li>\u00d6vriga \u00e4renden<\/li>\n<li>M\u00f6tets avslutande<\/li>\n<\/ol>\n<p>&nbsp;<\/p>\n<p>&nbsp;&nbsp;&nbsp;&nbsp;&nbsp;&nbsp;&nbsp;&nbsp; Varmt v\u00e4lkomna<\/p>\n<p>&nbsp;&nbsp;&nbsp;&nbsp;&nbsp;&nbsp;&nbsp; Styrelsen<\/p>\n<p>&nbsp;&nbsp;&nbsp;&nbsp;&nbsp;&nbsp;&nbsp;<\/p>\n<p>&nbsp;<span style=\"color: #000000; font-size: 1.4em;\">Februar 16. 2021<\/span><\/p>\n<h3>K\u00e4re medlemmer,<\/h3>\n<div>Vi hoppas att alla har kommit gott in i det nya \u00e5ret och har funnit sig tillr\u00e4tta med Coronasituationen&nbsp;som verkar forts\u00e4tta den n\u00e4rmaste&nbsp;tiden.&nbsp;<\/div>\n<div>Det blir&nbsp;inte m\u00f6jligt att h\u00e5lla \u00e5rsm\u00f6te 2021 senast d. 15 marts som utsikterna&nbsp;ser ut nu. N\u00e4rmare&nbsp;besked vil komme n\u00e4r vi vet mera om myndigheternas restriktioner.<\/div>\n<div>&nbsp;<\/div>\n<div>Vinteren har utviklet sig mot n\u00e4stan en&nbsp; isvinter som det brukade att vara i&nbsp; gamla dagar. Mycket sn\u00f6 och kyla, isen har lagt sig tjock i Svart\u00f6viken och Bock\u00f6fj\u00e4rd. Det \u00e4r nu n\u00f6dv\u00e4ndigt&nbsp;att anv\u00e4nda isbrytaren f\u00f6r att h\u00e5lla r\u00e4nnan \u00f6ppen. Nu f\u00e5r vi gl\u00e4dje av alla medlemmars st\u00f6tta och hj\u00e4lp&nbsp; till B\u00e5tf\u00f6reningen. Underh\u00e5ll och renovering h\u00e5ller isbrytaren i gott skick. Under nuvarande v\u00e4derf\u00f6rh\u00e5llande med bistert vinterv\u00e4der blir V\u00e5ll\u00f6 inte avst\u00e4ngd och det \u00e4r m\u00f6jligt att leva sitt liv p\u00e5 \u00f6n utan att bekymrar&nbsp;sig om problem med att ta sig \u00f6ver till fastlandet.<\/div>\n<div>Tack f\u00f6r ert medlemskap.<\/div>\n<div>&nbsp;<\/div>\n<div>M\u00e5nga h\u00e4lsningar<\/div>\n<div><span style=\"font-family: verdana, sans-serif; font-size: 13px;\">Tom Carlsen<\/span><\/div>\n<div>\n<div dir=\"ltr\" data-smartmail=\"gmail_signature\">\n<div dir=\"ltr\">\n<div dir=\"ltr\">\n<div dir=\"ltr\">\n<h5><span style=\"color: #444444; font-family: verdana, sans-serif;\">P\u00e5 v\u00e4gnar av V\u00e5ll\u00f6 B\u00e5tf\u00f6renings styrelse<\/span><\/h5>\n<\/div>\n<\/div>\n<\/div>\n<\/div>\n<\/div>\n<h3>&nbsp;<\/h3>\n<h3>K\u00e4ra V\u00e5ll\u00f6bor och v\u00e4nner av Isbrytaren V\u00e5ll\u00f6 II<\/h3>\n<div><em><strong>Styrelsen inkallar till \u00c5rsm\u00f6te i V\u00e5ll\u00f6 B\u00e5tf\u00f6rening l\u00f6rdag den 10 April 2020 kl. 14:00.<\/strong><\/em><\/div>\n<div>&nbsp;<\/div>\n<div>M\u00f6tet kommer att h\u00e5lles i Paviljongen&nbsp;p\u00e5 V\u00e5ll\u00f6.<\/div>\n<div>&nbsp;<\/div>\n<div>Alla f\u00f6rslag och meningar \u00e4r mycket&nbsp;v\u00e4lkomna och kommer att behandlas p\u00e5 m\u00f6tet.<\/div>\n<div>&nbsp;<\/div>\n<div>H\u00e4nvisning till stadgar:<\/div>\n<div>\n<p><span style=\"color: #000000;\"><span style=\"font-family: Calibri, sans-serif;\"><i>F\u00f6rslag till \u00e5rsm\u00f6tet kan framf\u00f6ras av alla medlemmar.<\/i><\/span><\/span><\/p>\n<p><span style=\"color: #000000;\"><span style=\"font-family: Calibri, sans-serif;\"><i>F\u00f6rslag som \u00f6nskas behandlat p\u00e5 \u00e5rsm\u00f6tet skall skriftligen motiveras och styrelsen tillhanda senast&nbsp;<\/i><\/span><\/span><i>en vecka f\u00f6re \u00e5rsm\u00f6tet.<\/i><\/p>\n<\/div>\n<div>P\u00e5 uppdrag av styrelsen<\/div>\n<div>&nbsp;<\/div>\n<div><span style=\"color: #333333; font-family: georgia, serif;\">Med v\u00e4nliga h\u00e4lsningar<\/span>&nbsp;&nbsp;&nbsp;<\/p>\n<div><span style=\"color: #333333; font-family: georgia, serif;\">Tom Carlsen<\/span><\/div>\n<\/div>\n<div>&nbsp;<\/div>\n<div>&nbsp;<\/div>\n<div>\n<h2>Januari 2019<\/h2>\n<div>God forts\u00e4ttning!<\/div>\n<div>&nbsp;<\/div>\n<div>Efter en uppfriskning och inspektion hos Claes Rampeltin i M\u00f6nster\u00e5s, \u00e4r isbrytaren nu p\u00e5 sin plats igen p\u00e5 Esten\u00e4s. Rengjord i botten, kontroll av zink anoder, ny f\u00e4rg p\u00e5 fribordet, rentv\u00e4ttad p\u00e5 \u00f6verbyggnaden, nytt ankare och ankarlina. Klar till att hantera alla naturens \u00f6verraskningar.<\/div>\n<div>Alla medlemmar har m\u00f6jlighet till att anv\u00e4nda V\u00e5ll\u00f6 II, efter avtal med b\u00e5tf\u00f6rarna.&nbsp;&nbsp;&nbsp;<\/p>\n<div>&nbsp;<\/div>\n<div>Styrelsen s\u00e4nder sina b\u00e4sta h\u00e4lsningar med \u00f6nskan om ett Gott Nytt \u00c5r 2019 och tackar f\u00f6r intresse och st\u00f6d till b\u00e5tf\u00f6reningen.&nbsp; &nbsp;&nbsp;<br clear=\"all\"><span style=\"color: #444444; font-family: georgia, serif;\">Med v\u00e4nlig h\u00e4lsningar<\/span>&nbsp;&nbsp;&nbsp;<\/p>\n<div>\n<div class=\"m_-8915461657185656183gmail-m_-7423502595310090380gmail_signature\">\n<div dir=\"ltr\">\n<div dir=\"ltr\">\n<div>V\u00e5ll\u00f6 B\u00e5tf\u00f6rening<\/div>\n<div>Styrelsen<\/div>\n<div>\n<div>God forts\u00e4ttning!<\/div>\n<\/div>\n<\/div>\n<\/div>\n<\/div>\n<\/div>\n<\/div>\n<\/div>\n<\/div>\n<div>&nbsp;<\/div>\n<div>&nbsp;<\/div>\n<div>\n<div>\n<div>\n<div>\n<div>\n<div class=\"m_-8915461657185656183gmail-m_-7423502595310090380gmail_signature\">\n<div dir=\"ltr\">\n<div dir=\"ltr\">\n<div>\n<div>\n<div>\n<div>\n<div class=\"m_-8915461657185656183gmail-m_-7423502595310090380gmail_signature\">\n<div dir=\"ltr\">\n<div dir=\"ltr\">\n<div><span style=\"color: #23282d; font-size: 1.4em; font-weight: 600;\">September 2017<\/span><\/div>\n<\/div>\n<\/div>\n<\/div>\n<\/div>\n<\/div>\n<\/div>\n<\/div>\n<\/div>\n<\/div>\n<\/div>\n<\/div>\n<\/div>\n<\/div>\n<\/div>\n<\/div>\n<h2>V\u00e5ll\u00f6 II har fr\u00e4schats upp<\/h2>\n<p><img loading=\"lazy\" decoding=\"async\" class=\"alignleft wp-image-588\" style=\"font-size: 16px;\" src=\"http:\/\/www.xn--vll-ula1g.se\/wp-content\/uploads\/2014\/06\/20170821_171522-300x225.jpg\" alt=\"\" width=\"230\" height=\"172\" srcset=\"https:\/\/www.xn--vll-ula1g.se\/wp-content\/uploads\/2014\/06\/20170821_171522-300x225.jpg 300w, https:\/\/www.xn--vll-ula1g.se\/wp-content\/uploads\/2014\/06\/20170821_171522-768x576.jpg 768w, https:\/\/www.xn--vll-ula1g.se\/wp-content\/uploads\/2014\/06\/20170821_171522-1024x768.jpg 1024w\" sizes=\"(max-width: 230px) 100vw, 230px\" \/><\/p>\n<p>Styrhytten \u00e4r m\u00e5lad och st\u00e4llen med rost \u00e4r f\u00f6rb\u00e4ttrad, f\u00f6r och akter luckan kan \u00f6ppnas igen.<\/p>\n<p><img loading=\"lazy\" decoding=\"async\" class=\"alignleft wp-image-589\" src=\"http:\/\/www.xn--vll-ula1g.se\/wp-content\/uploads\/2014\/06\/20170902_154307-e1505492449286-225x300.jpg\" alt=\"\" width=\"230\" height=\"307\" srcset=\"https:\/\/www.xn--vll-ula1g.se\/wp-content\/uploads\/2014\/06\/20170902_154307-e1505492449286-225x300.jpg 225w, https:\/\/www.xn--vll-ula1g.se\/wp-content\/uploads\/2014\/06\/20170902_154307-e1505492449286-768x1024.jpg 768w\" sizes=\"(max-width: 230px) 100vw, 230px\" \/><\/p>\n<p>Salonen och styrhytten har f\u00e5tt matta. B\u00e5ten ser ut som en lyx liner.<\/p>\n<h3>&nbsp;<\/h3>\n<h3>&nbsp;<\/h3>\n<h3><img loading=\"lazy\" decoding=\"async\" class=\"alignleft wp-image-590\" src=\"http:\/\/www.xn--vll-ula1g.se\/wp-content\/uploads\/2014\/06\/20170902_154517-e1505491915536-300x225.jpg\" alt=\"\" width=\"371\" height=\"278\" srcset=\"https:\/\/www.xn--vll-ula1g.se\/wp-content\/uploads\/2014\/06\/20170902_154517-e1505491915536-300x225.jpg 300w, https:\/\/www.xn--vll-ula1g.se\/wp-content\/uploads\/2014\/06\/20170902_154517-e1505491915536-768x576.jpg 768w, https:\/\/www.xn--vll-ula1g.se\/wp-content\/uploads\/2014\/06\/20170902_154517-e1505491915536-1024x768.jpg 1024w\" sizes=\"(max-width: 371px) 100vw, 371px\" \/><\/h3>\n<h3>&nbsp;<\/h3>\n<h3>&nbsp;<\/h3>\n<h3>&nbsp;<\/h3>\n<h3>&nbsp;<\/h3>\n<h3>&nbsp;<\/h3>\n<h3>&nbsp;Isbrytaren k\u00f6ras in till Claes Rampeltin senare i h\u00f6st f\u00f6r eftersyn av skrovet och rensning av bunden. Kommer d\u00e4r is \u00e4r den klar.<\/h3>\n<h3>&nbsp;<\/h3>\n<h3>December 2016<\/h3>\n<h3>Isbrytaren p\u00e5 varv hos Claes Rampeltin i M\u00f6nster\u00e5s.<\/h3>\n<p><img loading=\"lazy\" decoding=\"async\" class=\"alignleft wp-image-490\" src=\"http:\/\/www.xn--vll-ula1g.se\/wp-content\/uploads\/2014\/06\/20161011_154719-001-300x212.jpg\" alt=\"\" width=\"273\" height=\"193\" srcset=\"https:\/\/www.xn--vll-ula1g.se\/wp-content\/uploads\/2014\/06\/20161011_154719-001-300x212.jpg 300w, https:\/\/www.xn--vll-ula1g.se\/wp-content\/uploads\/2014\/06\/20161011_154719-001-768x542.jpg 768w, https:\/\/www.xn--vll-ula1g.se\/wp-content\/uploads\/2014\/06\/20161011_154719-001-1024x723.jpg 1024w\" sizes=\"(max-width: 273px) 100vw, 273px\" \/>V\u00e5ll\u00f6 II klar efter eftersyn och reparation. Skador p\u00e5 fribord efter tv\u00e5 vintras k\u00f6rning&nbsp;\u00e4r reparerat och m\u00e5lat.&nbsp;Botten \u00e4r rensad. Den extra kostnad som m\u00e5lningen med den specielle h\u00e5rda &#8221;Isbrytare f\u00e4rg&#8221; har vist sig att vare utgiften&nbsp;v\u00e4rd. Inga skador efter k\u00f6rning i isen och som en extra vinst isolerar f\u00e4rgen mot galvanisk str\u00f6m. Zink anoderna \u00e4r som nya.&nbsp;Den &#8221;nya&#8221; motorn \u00e4r eftersett, olja&nbsp;och filter bytt och den k\u00f6r som en v\u00e4loljad symaskin.<\/p>\n<p><img loading=\"lazy\" decoding=\"async\" class=\"alignleft wp-image-498\" src=\"http:\/\/www.xn--vll-ula1g.se\/wp-content\/uploads\/2014\/06\/Untitled-1-193x300.jpg\" alt=\"\" width=\"81\" height=\"126\" srcset=\"https:\/\/www.xn--vll-ula1g.se\/wp-content\/uploads\/2014\/06\/Untitled-1-193x300.jpg 193w, https:\/\/www.xn--vll-ula1g.se\/wp-content\/uploads\/2014\/06\/Untitled-1.jpg 291w\" sizes=\"(max-width: 81px) 100vw, 81px\" \/><\/p>\n<p>Styrelsen \u00f6nskar alla medlemmar en God Jul och ett Gott Nytt \u00e5r.<\/p>\n<h3>&nbsp;<\/h3>\n<h3>&nbsp;<\/h3>\n<h3>&nbsp;<\/h3>\n<h3><span style=\"text-decoration: underline;\">V\u00e5ll\u00f6 II till Rampeltins b\u00e5tvarv<\/span><\/h3>\n<p>Isbrytaren beh\u00f6ver&nbsp;&#8221;ny&#8221; motor! Efter m\u00e5nga \u00e5r av tro tj\u00e4nst och mycket is beh\u00f6ver Ford motorn bytas.<\/p>\n<p>Claes Rampeltin har ink\u00f6pt en &nbsp;motsvarande motor. Den \u00e4r renoverad och som ny. Genom&nbsp;att anv\u00e4nda samme typ motor \u00e4r det m\u00f6jligt att montera den nya motorn i samma st\u00e4llning som den gamla.<\/p>\n<p>Isbrytaren ligger nu p\u00e5 b\u00e5tvarvet och inom de n\u00e4sta m\u00e5nader vill bytet ske. Nu f\u00e5r vi gl\u00e4dje av takluckan som blev installerad p\u00e5 Oskarshams varv.<\/p>\n<p>Finansieringen av renoveringen kommer att ske genom tillskott fr\u00e5n bland andra M\u00f6nster\u00e5s kommun och v\u00e4lvillige bidrag fr\u00e5n vore medlemmar och Byalaget. Tak till alle som \u00e4r med till att bevare V\u00e5ll\u00f6s m\u00f6jlighet for att f\u00f6rbliva en bebott hel\u00e5rs \u00f6.<\/p>\n","protected":false},"excerpt":{"rendered":"<p>Kallelse till ordinarie \u00c5rsm\u00f6te i V\u00e5ll\u00f6 B\u00e5tf\u00f6rening ek.f\u00f6r. \u00c5rsm\u00f6te l\u00f6rdag den 19 maj 2022 kl. 19:00 Paviljongen, V\u00e5ll\u00f6 &nbsp;&nbsp;&nbsp;&nbsp;&nbsp;&nbsp;&nbsp;&nbsp;&nbsp;&nbsp; F\u00f6rslag till dagordning: M\u00f6tets \u00f6ppnande Val av m\u00f6tesordf\u00f6rande Val av m\u00f6tessekreterare Val av en (1) justerare att j\u00e4mte ordf\u00f6rande justera m\u00f6tets &hellip; <a href=\"https:\/\/www.xn--vll-ula1g.se\/?page_id=297\">L\u00e4s mer <span class=\"meta-nav\">&rarr;<\/span><\/a><\/p>\n","protected":false},"author":4,"featured_media":0,"parent":256,"menu_order":1,"comment_status":"closed","ping_status":"open","template":"onecolumn-page.php","meta":{"ngg_post_thumbnail":0,"footnotes":""},"class_list":["post-297","page","type-page","status-publish","hentry"],"_links":{"self":[{"href":"https:\/\/www.xn--vll-ula1g.se\/index.php?rest_route=\/wp\/v2\/pages\/297"}],"collection":[{"href":"https:\/\/www.xn--vll-ula1g.se\/index.php?rest_route=\/wp\/v2\/pages"}],"about":[{"href":"https:\/\/www.xn--vll-ula1g.se\/index.php?rest_route=\/wp\/v2\/types\/page"}],"author":[{"embeddable":true,"href":"https:\/\/www.xn--vll-ula1g.se\/index.php?rest_route=\/wp\/v2\/users\/4"}],"replies":[{"embeddable":true,"href":"https:\/\/www.xn--vll-ula1g.se\/index.php?rest_route=%2Fwp%2Fv2%2Fcomments&post=297"}],"version-history":[{"count":15,"href":"https:\/\/www.xn--vll-ula1g.se\/index.php?rest_route=\/wp\/v2\/pages\/297\/revisions"}],"predecessor-version":[{"id":1002,"href":"https:\/\/www.xn--vll-ula1g.se\/index.php?rest_route=\/wp\/v2\/pages\/297\/revisions\/1002"}],"up":[{"embeddable":true,"href":"https:\/\/www.xn--vll-ula1g.se\/index.php?rest_route=\/wp\/v2\/pages\/256"}],"wp:attachment":[{"href":"https:\/\/www.xn--vll-ula1g.se\/index.php?rest_route=%2Fwp%2Fv2%2Fmedia&parent=297"}],"curies":[{"name":"wp","href":"https:\/\/api.w.org\/{rel}","templated":true}]}}