{"id":237,"date":"2013-02-18T17:46:39","date_gmt":"2013-02-18T17:46:39","guid":{"rendered":"http:\/\/www.xn--vll-ula1g.se\/?page_id=237"},"modified":"2019-02-27T20:56:29","modified_gmt":"2019-02-27T20:56:29","slug":"bankuppgifter-vallo-batforening","status":"publish","type":"page","link":"https:\/\/www.xn--vll-ula1g.se\/?page_id=237","title":{"rendered":"Bankuppgifter:"},"content":{"rendered":"<h2><span style=\"text-decoration: underline;\">Vid&nbsp;inbetalning&nbsp;av&nbsp;medlemsavgift:<\/span><\/h2>\n<p><span style=\"font-size: 1.4em;\">H\u00e4radssparbanken M\u00f6nster\u00e5s:<\/span><\/p>\n<p><span style=\"font-size: 1.4em;\">Bankgironummer: &nbsp;400 -0634<\/span><\/p>\n<p><span style=\"text-decoration: underline;\"><span style=\"color: #000000;\"><span style=\"font-size: 1.4em; line-height: 1.5em;\">Alternativt kan det \u00f6verf\u00f6ras <\/span><span style=\"font-size: 22px; line-height: 33.59375px;\">direkt<\/span><span style=\"font-size: 1.4em; line-height: 1.5em;\"> till V\u00e5ll\u00f6 B\u00e5tf\u00f6reningskonto:<\/span><\/span><\/span><\/p>\n<p><span style=\"color: #000000;\"><span style=\"font-size: 1.4em; line-height: 1.5em;\">Clearingnr. 8331-1 &nbsp;Kontonummer: 03 848 841-7<\/span><\/span><\/p>\n<p>&nbsp;<\/p>\n<p><strong><span style=\"color: #ff0000;\">Det \u00e4r&nbsp;viktigt&nbsp;att det skrives&nbsp;avs\u00e4ndare p\u00e5&nbsp;inbetalningen.<\/span><\/strong><\/p>\n<p>Medlemsavgiften g\u00e4ller f\u00f6r perioden &#8211; \u00e5rsm\u00f6ten till \u00e5rsm\u00f6ten.<\/p>\n","protected":false},"excerpt":{"rendered":"<p>Vid&nbsp;inbetalning&nbsp;av&nbsp;medlemsavgift: H\u00e4radssparbanken M\u00f6nster\u00e5s: Bankgironummer: &nbsp;400 -0634 Alternativt kan det \u00f6verf\u00f6ras direkt till V\u00e5ll\u00f6 B\u00e5tf\u00f6reningskonto: Clearingnr. 8331-1 &nbsp;Kontonummer: 03 848 841-7 &nbsp; Det \u00e4r&nbsp;viktigt&nbsp;att det skrives&nbsp;avs\u00e4ndare p\u00e5&nbsp;inbetalningen. Medlemsavgiften g\u00e4ller f\u00f6r perioden &#8211; \u00e5rsm\u00f6ten till \u00e5rsm\u00f6ten.<\/p>\n","protected":false},"author":4,"featured_media":0,"parent":256,"menu_order":9,"comment_status":"closed","ping_status":"open","template":"onecolumn-page.php","meta":{"ngg_post_thumbnail":0,"footnotes":""},"class_list":["post-237","page","type-page","status-publish","hentry"],"_links":{"self":[{"href":"https:\/\/www.xn--vll-ula1g.se\/index.php?rest_route=\/wp\/v2\/pages\/237"}],"collection":[{"href":"https:\/\/www.xn--vll-ula1g.se\/index.php?rest_route=\/wp\/v2\/pages"}],"about":[{"href":"https:\/\/www.xn--vll-ula1g.se\/index.php?rest_route=\/wp\/v2\/types\/page"}],"author":[{"embeddable":true,"href":"https:\/\/www.xn--vll-ula1g.se\/index.php?rest_route=\/wp\/v2\/users\/4"}],"replies":[{"embeddable":true,"href":"https:\/\/www.xn--vll-ula1g.se\/index.php?rest_route=%2Fwp%2Fv2%2Fcomments&post=237"}],"version-history":[{"count":8,"href":"https:\/\/www.xn--vll-ula1g.se\/index.php?rest_route=\/wp\/v2\/pages\/237\/revisions"}],"predecessor-version":[{"id":910,"href":"https:\/\/www.xn--vll-ula1g.se\/index.php?rest_route=\/wp\/v2\/pages\/237\/revisions\/910"}],"up":[{"embeddable":true,"href":"https:\/\/www.xn--vll-ula1g.se\/index.php?rest_route=\/wp\/v2\/pages\/256"}],"wp:attachment":[{"href":"https:\/\/www.xn--vll-ula1g.se\/index.php?rest_route=%2Fwp%2Fv2%2Fmedia&parent=237"}],"curies":[{"name":"wp","href":"https:\/\/api.w.org\/{rel}","templated":true}]}}